when k is divided by 12.
11
Let l = 29 - -11. Let s = l + -33. What is the remainder when 6/5*(-10)/(-1) is divided by s?
5
Suppose 2*l - 56 = -h, -3*h + 0*l = 5*l - 171. Calculate the remainder when h is divided by 26.
10
Suppose -2*w + 4*w + 3*p + 28 = 0, 2*w + 28 = 5*p. Let m be (-2)/7 - 4/w. Suppose m*h - 3 = 3*h, 3*t - 110 = 5*h. What is the remainder when t is divided by 12?
11
Suppose 14 = 5*z - z + 2*b, -4*z + 5*b = 21. Suppose z = -3*h + 37. Let j = 35 - 13. What is the remainder when j is divided by h?
10
Suppose 0 = 3*l + 82 - 250. What is the remainder when l is divided by 15?
11
What is the remainder when 291 is divided by ((-1064)/114)/(1/(9/(-2)))?
39
Let k = 79 + -44. Suppose 0 = -2*b + a + 15, -2*b + k = b + a. Calculate the remainder when 27 is divided by b.
7
Let p = -17 + 32. Let q = -14 + 9. Let c(x) = -x**3 - 2*x**2 + 5*x - 6. What is the remainder when c(q) is divided by p?
14
Let j = 11 - -1. Let z(x) = x**2 + 3*x + 2. Let m be z(-2). What is the remainder when 3/(m - (-1)/7) is divided by j?
9
Let v(o) = -o**3 - o**2 + 2*o + 2. Let p be v(-2). Let z = 3 + p. Calculate the remainder when 8 is divided by z.
3
Let k(s) = -s**3 + 6*s**2 + 9*s + 6. Calculate the remainder when k(7) is divided by 12.
8
Let h = -1 - -4. Suppose 3*s - 9 = 3. Calculate the remainder when s is divided by h.
1
Let g be (-2)/8 + 68/16. Suppose 17 = g*i - 27. Suppose s = -4*s + 155. Calculate the remainder when s is divided by i.
9
Suppose k - 2*k - 4*b + 17 = 0, 0 = -k + 4*b - 7. Suppose 3*x - x = 4*w - 60, 0 = 2*w - k*x - 30. Calculate the remainder when 43 is divided by w.
13
Let g(w) be the third derivative of w**6/120 - w**5/60 + w**4/6 - w**3/2 - 5*w**2. Calculate the remainder when 15 is divided by g(2).
6
Suppose 2*s + 11*c - 6*c - 99 = 0, -s = c - 42. Let w = -31 + 51. What is the remainder when s is divided by w?
17
Suppose y = -y + 62. Calculate the remainder when 90 is divided by y.
28
Let p(m) = m**2 - 2*m + 7. Calculate the remainder when p(-8) is divided by 18.
15
Let u be (-45)/((-1)/4*2). Suppose -4*a - 2*k - 10 = u, 4*k = -a - 25. Let j = 34 - a. Calculate the remainder when j is divided by 20.
19
Suppose 2*o - 156 = 18. Suppose w - 88 = -3*w. Calculate the remainder when o is divided by w.
21
Let l = 81 - 73. What is the remainder when 31 is divided by l?
7
Let w be 6/8*(4 + -16). What is the remainder when (-133)/w + 12/54 is divided by 4?
3
Let s(x) = -19*x - 1. Let f(i) = 2*i**2 - 5*i + 1. Calculate the remainder when f(-3) is divided by s(-1).
16
Let c = -54 - -107. Calculate the remainder when c is divided by (-4 + 2)/((-2)/14).
11
Let w(b) = 15*b**2 - b - 2. Let y be w(-2). Suppose -y = -2*j - 2*j. Suppose -2*h - 4*u = -h, j = -3*u. What is the remainder when h is divided by 7?
6
Let s(t) = 5*t + 3. What is the remainder when 66 is divided by s(4)?
20
Let v be (60/16)/((-4)/16). Let f = -7 - v. What is the remainder when 22 is divided by f?
6
Let n(k) = -2*k**2 + 3*k + 9. Let h(r) = -r**2 + 2*r + 4. Let i(a) = -5*h(a) + 2*n(a). Let o = -7 - -12. Calculate the remainder when 6 is divided by i(o).
0
Let r(v) = 2*v + 4. Let u be r(6). Suppose -u = -i - 3*i. Suppose i*z = 2*z + 52. Calculate the remainder when z is divided by 14.
12
Let s(t) = 16*t. Let w be s(1). Suppose -4*g + 39 = -g. Calculate the remainder when (3 - 1)*296/w is divided by g.
11
Let l(m) = m**2 - 1. Let t(o) = 3*o**2 + 3*o - 3. Let i(g) = -2*l(g) + t(g). What is the remainder when 8 is divided by i(-4)?
2
Suppose -4*g - 23 = -t, 5*t + 5 = 20. Let m(y) = y**3 + 4*y**2 - 7*y - 2. What is the remainder when 14 is divided by m(g)?
6
Let b = -21 - -30. Let m(l) = -l**2 + 11*l - 2. Let x be 2 - (-2 + (1 - 6)). What is the remainder when m(x) is divided by b?
7
Suppose 20 = 5*o - 0*o. Let v be 1 + 1*-2 + 2. Suppose w - o = -v. What is the remainder when 4 is divided by w?
1
Let x = -29 + 45. Calculate the remainder when x is divided by 6.
4
Suppose 0*j + 155 = 5*k + 4*j, -124 = -4*k - 2*j. Calculate the remainder when 185 is divided by k.
30
Let m = 11 + -14. Let c = m + 5. Calculate the remainder when -1 + c - (4 + -65) is divided by 21.
20
Calculate the remainder when (-70)/(-3) - 2/(-3) is divided by 3/(-6)*-1*26.
11
Suppose 3*l = 4*k + 42, 0 - 6 = -3*l. Suppose -4*g + 34 = -3*g. What is the remainder when g is divided by (-105)/k - 2/(-6)?
10
Let o(z) = z**3 + 8*z**2 + 7*z + 4. Let n be o(-7). Let t = 23 - n. Calculate the remainder when t is divided by 7.
5
Let d(r) = -r + 15. What is the remainder when 44 is divided by d(0)?
14
Let y = 6 - 4. Let f(m) = 2*m + 18. What is the remainder when f(-6) is divided by y?
0
Let t(s) = -s**3 - 7*s**2 + 5*s - 5. Suppose 0 = -5*j + 3*z + 37, -2*z + 0*z = 2*j - 2. What is the remainder when t(-8) is divided by j?
4
Suppose 22 = f + l, 2*f - 4*l = -0*f + 14. Calculate the remainder when f is divided by 6.
5
Suppose 4*o - 2*x = 86, -o + 44 = -4*x - x. Calculate the remainder when o is divided by 5.
4
Let i = -4 + 6. Suppose 0 = 5*p + 4*b + 5 - 23, -5*p = 5*b - 20. Calculate the remainder when p is divided by i.
0
Suppose 4*r + 0*q - 4 = -4*q, r - 4*q = 6. Calculate the remainder when 22/6*6/2 is divided by (8/10)/(r/15).
5
Suppose -3*a - 3*r = -129, -5*a + 3*r = 11 - 194. What is the remainder when a is divided by 20?
19
What is the remainder when (-60)/(-1 - 1)*(-8)/(-5) is divided by 19?
10
Suppose 70 + 2 = 4*i. What is the remainder when i is divided by 10?
8
Let d = -82 + 117. Suppose -9 = 3*j, -2*j + d = 3*s - 145. What is the remainder when s is divided by 21?
20
Suppose 0 = -3*s + 23 + 19. Calculate the remainder when s is divided by 10.
4
Suppose -30 = -4*o + 18. Let j = -1 + 36. Calculate the remainder when j is divided by o.
11
Let h(l) = 4*l + 4. Let k be h(-4). Let t = 19 + k. What is the remainder when 22 is divided by (6/t)/(7/98)?
10
Let k = 15 - -15. What is the remainder when 178 is divided by k?
28
What is the remainder when 1872/32*(-4)/(-3) is divided by 20?
18
Let j(d) = 5*d**3 - d**2 - 2. What is the remainder when j(2) is divided by 19?
15
Let n = -13 + 7. Let b = n + 50. What is the remainder when b is divided by 15?
14
Suppose -5*j - 3*d = -75, j + 3*d - 2*d = 17. Calculate the remainder when (-3)/6*-4 + 20 is divided by j.
10
Let j(c) = -c**2 + 25*c - 13. Let q be j(17). Let t = q + -44. Calculate the remainder when t is divided by 20.
19
Suppose 74 = k + 24. Suppose -2*c - 2*z = 8 - k, -z + 69 = 4*c. What is the remainder when 46 is divided by c?
14
Suppose 114 + 141 = -5*k. Let q = 72 + k. Calculate the remainder when 83 is divided by q.
20
Let s(c) = c**2 - 11*c + 11. Calculate the remainder when s(11) is divided by 7.
4
Let m(j) = -2*j**3 - 33*j**2 - 17*j - 1. Suppose 85 + 87 = 4*i. What is the remainder when i is divided by m(-16)?
13
Suppose 3*b - 3*q - 332 + 68 = 0, -4*b + 2*q = -342. What is the remainder when b is divided by 28?
27
Let p = 48 - 32. Let a(m) = -m**3 + 29*m**2 - m + 90. What is the remainder when a(29) is divided by p?
13
Suppose w - 4*s - 11 = 10, 4*w - 2*s = 56. Calculate the remainder when 25 is divided by w.
12
Let f = -26 + 35. Suppose -2*s + 12 = -20. What is the remainder when s is divided by f?
7
Let c(j) = -28*j - 4. Calculate the remainder when c(-2) is divided by 18.
16
Let q be -3 + (2 - 2) - -170. Let k = q - 114. Calculate the remainder when k is divided by 28.
25
Suppose g + 9 = 33. Let o = g - 15. What is the remainder when 24 is divided by o?
6
Calculate the remainder when -18*-6*(-3)/(-6) is divided by 19.
16
Suppose -i + 55 = -4*w, 3*i - w - 160 = -i. Suppose 0*k = -2*k. Suppose k*f = 3*f - 4*j - 30, 2*j + 30 = 3*f. What is the remainder when i is divided by f?
9
Suppose -2*f = f - 483. What is the remainder when f is divided by 27?
26
Let i(q) = 3*q**2 - 3*q**2 + 5*q**2 - 2 - 4*q**2 - q. Let n(x) = 2*x**3 - 6*x**2 + 2*x - 6. What is the remainder when n(4) is divided by i(-4)?
16
Let r = -11 - -19. Suppose 32 = -7*k + r*k. Suppose -5*f - 2*c + 51 = 0, -3*c = -5*f - 6*c + 49. Calculate the remainder when k is divided by f.
10
Let j(m) = -m**2 + 3. What is the remainder when 11 is divided by j(0)?
2
Suppose 2*l = 3*u - 3*l - 1, 0 = -3*u - 4*l + 10. Suppose 4*p - u*x - 80 = 0, 5*p + 3*x = p + 60. What is the remainder when 69 is divided by p?
15
Let f b